What is the remainder when u is divided by 18?
16
Suppose -112*m = -114*m - 8, -62 = -5*f - 2*m. What is the remainder when 29 is divided by f?
1
Let l = 17 + -8. Let y = -182 - -205. What is the remainder when y is divided by l?
5
Let f be ((-8)/(-20))/((-2)/20). Let d = 9 + f. Suppose -10*k = -243 + 213. Calculate the remainder when d is divided by k.
2
Suppose 0 = -2*s + f + 1016, 4*s - 515 = 3*s - 3*f. What is the remainder when s is divided by 51?
50
Suppose 109 - 245 = -8*s. What is the remainder when 82 is divided by s?
14
Let f be (-325)/(-26)*2*-1. Let m = 12 - f. Calculate the remainder when m is divided by 19.
18
What is the remainder when 1*5 - (2093/(-13) - 7) is divided by 32?
13
Let l = -4 - -29. Calculate the remainder when l is divided by 15.
10
Suppose 5*o + 8 = -3*u - 0*u, -4*u = -5*o + 69. Let g = u + 16. Suppose -195*t + 179*t = -64. Calculate the remainder when g is divided by t.
1
Let n(w) = -w**2 - 28*w + 86. What is the remainder when n(-30) is divided by 22?
4
Let b(x) = -x - 4. Let a be b(-5). Let p(l) = 1 - l**2 - a + 11*l + 1 - 5. What is the remainder when 37 is divided by p(8)?
17
Suppose 5*l - 37 - 63 = -5*r, -r + 2*l = -23. Suppose 0*b + 20 = 5*b. What is the remainder when 1*b + (15 - -21) is divided by r?
19
Suppose s = 4*s - 9. What is the remainder when ((-18)/24 - -1) + 177/12 is divided by s?
0
Suppose -19 - 29 = -3*w. Suppose 60 = -w*f + 22*f. Calculate the remainder when f is divided by 3.
1
Let b(x) = 3*x**2 - 3*x - 9. Let n = 91 - 63. What is the remainder when b(5) is divided by n?
23
Let c = 289 + -183. Let m = c + -84. Calculate the remainder when 40 is divided by m.
18
Let w(z) = -2*z. Let s be w(-2). Suppose -s*r + x + 331 = 0, -x = -2*r + 169 - 4. What is the remainder when r is divided by 28?
27
Suppose 5*r - 5 = 5. Suppose -18 = -2*s - r*b, -4*s + 8*s - b = 11. What is the remainder when 13 is divided by s?
1
Suppose 0 = 2*p - 6*p + 8. Let i(n) = 3*n. Let t be i(1). Suppose p*d + 17 = t*d. What is the remainder when d is divided by 9?
8
Let b(n) = 6*n + 208. Calculate the remainder when b(-23) is divided by 11.
4
Suppose k + 5*j = 2*k - 16, 2*k = -j + 10. Suppose -4*i = -k*i + 14. Suppose 5*p - 11 = -3*n, 5*n + p - 19 = 3*n. What is the remainder when n is divided by i?
5
Let z be -3 - -2 - (-9 - 3). Suppose -z*f + 149 = -27. Calculate the remainder when f is divided by 5.
1
Let d(t) = -4*t**3 + 9*t**2 + 2*t + 16. Let r(b) = b**3 + b**2 - b - 1. Let z(o) = -d(o) - 2*r(o). What is the remainder when 87 is divided by z(6)?
21
Suppose v = -2*k + 12, 1 = k + 3*v + 5. Let f be ((-4)/5)/(k/80). What is the remainder when 1122/88 - 2/f is divided by 3?
1
Let w = -131 - -224. Calculate the remainder when w is divided by 35.
23
Let i be -1 + (-8 - (-3)/1). Let g = i + 11. Suppose -10*c + g*c = -110. What is the remainder when 42 is divided by c?
20
Suppose -4460 = 39*f - 17330. What is the remainder when f is divided by 9?
6
Suppose 5*y + 252 = 6*y. Suppose 6*c = -c + y. Let t(k) = k**3 + 5*k**2 - 4*k. What is the remainder when c is divided by t(-5)?
16
Let x(d) = -d**2 + d + 3. Let n be x(5). Suppose 3*r + 15 = -9. Let y = r - n. Calculate the remainder when y is divided by 5.
4
Let q(j) = 14*j + 431. What is the remainder when 736 is divided by q(-30)?
10
Suppose 4*z = -2*b, -2*b = -7*b - 5*z + 15. Suppose -4*r - 5*p = -17, -3*r + 6*r - p = 8. Calculate the remainder when b is divided by r.
0
Suppose 2012 = 16*s - 12*s + p, -p + 2514 = 5*s. Calculate the remainder when s is divided by 42.
40
Let y(u) = 46*u - 4. Let q be y(2). Suppose -j = -5*j + q. What is the remainder when 41 is divided by j?
19
Suppose -3*c - 100 = 2*c. What is the remainder when (-375)/(-4) + (-5)/c is divided by 24?
22
Let s(h) = 2*h**2 - 13*h + 38. Calculate the remainder when s(11) is divided by 28.
25
Let x = -390 - -644. What is the remainder when x is divided by 52?
46
What is the remainder when 105 is divided by (392/112)/(0 + (-2)/(-4))?
0
Let m(l) = -16*l + 965. Calculate the remainder when m(36) is divided by 49.
46
Calculate the remainder when (-4)/(-26) - (-4 + 6165/(-65)) is divided by 25.
24
Let a = -11 - -23. Suppose -3*j - 3*w = -0*w + a, 5*j + 2*w + 17 = 0. Let r = j + 8. Calculate the remainder when r is divided by 2.
1
Calculate the remainder when 93 is divided by 124/6 + -1 + 5/15.
13
Let q(m) = m**3 - 3. Suppose 15 = 3*a, 0 = 12*u - 9*u - 3*a - 255. Calculate the remainder when u is divided by q(3).
18
What is the remainder when 1717 is divided by 44 - (14/42 - (-11)/3)?
37
Suppose 18*y + 110 = 29*y. Calculate the remainder when 43 is divided by y.
3
Let d(m) = m**3 + 5*m**2 - 4*m + 18. Suppose 3*c - c = 42. What is the remainder when c is divided by d(-6)?
3
Suppose -70 = 2*v - 2. Let l = v + 65. What is the remainder when l is divided by 16?
15
Let j = 243 + -141. Let n = 20 - -5. What is the remainder when n is divided by 442/j*(0 + -1 + 4)?
12
Let x(h) = h**2 - h - 29. Let j be x(-5). What is the remainder when 57 is divided by j/2 + -2 - 105/(-6)?
9
Calculate the remainder when 123 is divided by (-3*9/36)/(1/(-84)).
60
Suppose 62*q - 62*q + 2139 = 93*q. Suppose -t = -4*y + 236, -5*y + 37 = 5*t - 233. What is the remainder when y is divided by q?
12
Suppose -2*t = -4*s + 48, -3*s + 5*t + 37 = 4*t. What is the remainder when 128 is divided by s?
11
Suppose -5 - 80 = -5*o. Let d(h) = 25*h - 1. Suppose a + 0 = 2. Calculate the remainder when d(a) is divided by o.
15
Let b be (-4)/((-60)/9) + 102/30. Suppose u = 8 - b. Calculate the remainder when 9 is divided by u.
1
Suppose 5 - 2 = 2*m - p, 4*m = 5*p + 3. What is the remainder when (1/(-1))/(m/(-14)) is divided by 3?
1
Let d(m) = -m**3 + 13*m**2 - 21*m + 15. Calculate the remainder when 157 is divided by d(11).
1
Suppose 2*g - g = -3*h + 2248, 0 = -5*h + 3*g + 3770. What is the remainder when h is divided by 42?
37
Let q(j) = j**3 + 2*j**2 + j + 45. Calculate the remainder when 104 is divided by q(0).
14
Suppose -2*o + 310 = -2*l, -4*o - l = -3*l - 624. What is the remainder when o is divided by 47?
16
Let t = -6 - -3. Let z = t - -5. Suppose 2*c + 53 = 3*p, 0 = z*p - 3*c - 48 + 6. Calculate the remainder when p is divided by 8.
7
Let h(q) be the second derivative of -q**4/12 + 5*q**3/6 - q**2/2 + 3*q. Let a = 8 - 5. What is the remainder when a is divided by h(4)?
0
Let i = -135 + 137. Suppose -x + t = -73, -i*t = -2 - 0. Calculate the remainder when x is divided by 11.
8
Let b(i) = -i + 18. Let y(p) = -p**2 - 3*p + 24. Let o be y(-5). Calculate the remainder when 4 is divided by b(o).
0
Let z(a) = 13*a. Let h(x) = x**2 - 5*x + 3. Let o be h(5). Let u = 640 - 630. What is the remainder when z(o) is divided by u?
9
Let i(k) = k**3 + 20. Let o = 24 + -19. Suppose -y - 15 = 2*y - o*s, 5*s = -4*y + 15. What is the remainder when 57 is divided by i(y)?
17
Let d = -720 - -772. Calculate the remainder when 91 is divided by d.
39
Let v(b) = 2*b**2 - 22*b - 15. Calculate the remainder when 26 is divided by v(12).
8
Suppose 2*a + z - 3*z = 4, 4*a - 35 = -5*z. Let h(v) = 12*v + 1. Let o be h(a). Suppose 2 + o = 3*j. Calculate the remainder when 41 is divided by j.
20
Let r(n) = 3*n**2 - 21*n - 2. Suppose x + 6*s - s = 23, -5*x - 2*s + 46 = 0. Calculate the remainder when r(x) is divided by 13.
9
Suppose -2*w = 92 - 374. Calculate the remainder when w is divided by 37.
30
Calculate the remainder when 14/5*(8 + -1 + 3) is divided by 8 + 0/(-3) + 2.
8
Suppose -2*o = 3*t - 290, 29*t - 32*t = -5*o - 283. What is the remainder when 190 is divided by t?
94
Let v = -17 - -11. Let k(l) = -25*l. Let z be k(v). Suppose r + z = 6*r. Calculate the remainder when 117 is divided by r.
27
Suppose 0*h + 2*u - 20 = -2*h, -3*h - 2*u + 34 = 0. Let m = 41 - 74. Let c = m + 86. Calculate the remainder when c is divided by h.
11
Let g(t) = -t**3 + 5*t**2 + 6*t + 5. Let y be g(6). Suppose y = 2*r - 1, 437 = 5*x - r. Let a = -50 + x. What is the remainder when a is divided by 20?
18
Suppose 0 = -416*l + 410*l + 96. What is the remainder when 0 - ((1 - 60) + -2) is divided by l?
13
Let c = -31 + 31. Let a = c + 9. Suppose -4*r + 73 = -31. Calculate the remainder when r is divided by a.
8
Suppose 0 = -5*n + 5*l + 605, 4*n = 6*n + l - 227. Calculate the remainder when n is divided by 40.